lse
Suppose -p - 4*p = 15. Let b(u) = 14*u**2 + 5*u + 2. Is b(p) a composite number?
False
Let z(w) = 3*w - 10 + 3*w - 4*w. Let b be z(7). Suppose 0 = -3*o - b*q + 781, 0 = 2*o - 4*q + q - 532. Is o a prime number?
True
Let h(v) = v + 12. Let n(j) = -2 - 3 + 1. Let a(s) = 2*h(s) + 7*n(s). Is a(4) a composite number?
True
Let d be ((-1022)/42)/(1/(-39)). Suppose -57 + d = 4*g. Is g a composite number?
False
Let c(i) = -2*i + 10*i**2 + 3 - 3 + 5*i - 1 + i**3. Is c(-9) a composite number?
False
Let l(m) = -m**2 - 10*m - 1. Let v be l(-4). Suppose -2*j + 75 = v. Let a = 39 - j. Is a composite?
False
Suppose 0 = 4*x - x + 5*g + 1, 13 = 3*x - 2*g. Suppose 4*t - 644 = -4*o, 5*o = 6*o + x*t - 165. Is o a prime number?
False
Let h be ((-2)/4)/((-5)/(-40)). Suppose 0 = -5*m - u - 35, -4*m - 2*u + 5*u - 47 = 0. Is (m/12)/(h/18) composite?
False
Let x = -74 - -223. Is x prime?
True
Is (1453 - -6) + 3 + -3 a prime number?
True
Let r = 426 - 44. Is r prime?
False
Suppose -5*b = 5*c - 70, 6*c - c - 3*b = 110. Let x = c - 8. Is x composite?
False
Let i be -1*((-1 - -2) + -16). Suppose 3*f - i = -h, 2 = 3*f + 8. Is h a prime number?
False
Let z(r) = 101*r**3 + 3*r**2 - 4*r + 19. Is z(3) prime?
False
Suppose -3*j + 4*b + 0*b = -19, -15 = -4*j - 5*b. Suppose 0 = -2*a + 2*h + 16, 0 = 3*a - 5*h - 39 + j. Suppose -v = -a*v + 44. Is v a composite number?
True
Let z = 1 - -3. Suppose -70 = -z*h + 82. Is h a prime number?
False
Suppose 3*b = -23 - 13. Let v be 4/b*12/(-2). Suppose -v*z - u = -71, -z - 4*u = -0*u - 25. Is z prime?
True
Suppose -g + 646 = -5*b, 4*g + 6*b - 2518 = 4*b. Is g composite?
False
Let q(u) = u**2 + 3*u - 5. Is q(13) a prime number?
False
Let w(p) = 7*p**2 + 3*p + 0*p + 3 + 4*p**2. Let m be -3 + (1 - (-4)/(-2)). Is w(m) composite?
False
Let a = -5 + 184. Let w = 306 - a. Is w a prime number?
True
Let s(h) = 55*h**2 + 8*h + 9. Let l(n) = 28*n**2 + 4*n + 4. Let k(t) = -5*l(t) + 2*s(t). Let r be k(-2). Let a = -77 - r. Is a prime?
True
Let a(g) = 5*g**2 + 1. Let f be a(-1). Let d be (-56)/(-21) + 1/3. Suppose 0 = -2*h + f*h + 8, -4*h = -d*l + 785. Is l composite?
True
Let g(y) = 20*y**2 + 6*y - 7. Is g(3) a prime number?
True
Suppose 2 = b - 0. Suppose -5*z + b*z = -9. Suppose -4 = -2*w + z*u + 4, 4*w + 5*u = 60. Is w a composite number?
True
Suppose 5*o - 257 = 183. Suppose 3*r = -r + o. Let j = 57 - r. Is j composite?
True
Let y(k) = 88*k + 1. Let t be y(1). Suppose 0 = j + 1, -2*x - j + 2*j = -t. Is x/6*(3 + 0) a prime number?
False
Suppose -3*l = 5*t - 400, 0*l + 4*l - 63 = -t. Is t prime?
True
Suppose 4*b - 2408 = -4*b. Let o be (-8 - -2*1)*29. Let p = o + b. Is p a composite number?
False
Suppose -4*l = 4*n - 600, -n + 236 = 2*l + 85. Is n composite?
False
Let c(p) = p**2 - 7*p + 3. Let d be c(7). Suppose d*t = v + 88, 3*v - 8*v = -25. Is t a composite number?
False
Suppose 6 = -3*u + u. Let o = -3 - u. Suppose o = 6*z - 4*z - 182. Is z a composite number?
True
Suppose 4*p - t + 9 = 3, 0 = -3*p + 4*t - 11. Suppose q = -12 + 51. Let l = p + q. Is l prime?
False
Is 2*2/((-6)/(-15)) prime?
False
Let n = 185 - -77. Is n a composite number?
True
Let n(g) = 191*g**2 - 3*g + 3. Is n(1) prime?
True
Let a be (4/(-6))/((-2)/57). Suppose 0 = -r - 0*r + a. Let n = r - -4. Is n a composite number?
False
Suppose 3*q + 0*q = -6. Is -2*q/((-12)/(-633)) a prime number?
True
Suppose -3*d + 311 + 4545 = 2*t, 5*t + 25 = 0. Is d composite?
True
Let f be 3*((-4)/(-3) + 0). Suppose 0*j = j - 2*c + 42, 0 = -f*c + 4. Let g = j - -137. Is g prime?
True
Let y = -59 + 183. Let z = y - 57. Is z composite?
False
Let f(z) = -2*z - 7 + 25 - 11 + z. Suppose -30 + 6 = 3*j. Is f(j) prime?
False
Let f(i) = -i**2 - 5*i + 8. Let n be f(-6). Suppose -2*c + 4*w + 81 + 67 = 0, -n*w = 5*c - 430. Suppose m + 3*m - c = 0. Is m a composite number?
True
Let i = 43 + 21. Let n = 18 + -7. Let s = i - n. Is s prime?
True
Suppose -h + 2718 = 4*w + 754, 5*h - 1473 = -3*w. Is w a composite number?
False
Is 164 - 5/(1 - -4) prime?
True
Let l(b) = b**3 - 8*b**2 + 8*b - 4. Let r be 4/10 - (-33)/5. Let y be l(r). Let u = 9 - y. Is u a composite number?
True
Let u be 37/5 - 2/5. Suppose -2*a + u*a = 185. Is a a composite number?
False
Let c(x) = 315*x - 20. Is c(5) a prime number?
False
Suppose -3*r - 850 = -4*x, 215 = x - 3*r + r. Is x a composite number?
False
Suppose 2*y - 856 = 4*z, -4 = 3*y - y. Let x = -132 - z. Is x composite?
False
Suppose -s = -3*s + 10, t - s = 0. Let f = -6 + t. Is (23 + 0 + f)*1 a prime number?
False
Let d = 129 - 74. Is d prime?
False
Suppose 5*s - s = -52. Let z = 24 + s. Suppose -8*d + z*d - 531 = 0. Is d prime?
False
Suppose -4 = -2*w - 2*w. Let a(h) = h**2 - w - 4 + 24. Is a(0) prime?
True
Let j(z) = -125*z**3 - 2*z**2 - 3*z. Let w(v) = v**3 + v. Let o(s) = j(s) + 2*w(s). Let f be o(-1). Let b = -69 + f. Is b a composite number?
False
Is ((-1 + (-2101)/(-2))*2)/1 a composite number?
False
Suppose 0 = -2*v + 3 + 9. Suppose -v*x = -x - 335. Is x a prime number?
True
Let g = -11 + 17. Suppose 0 = g*n - 3*n - 93. Is n a composite number?
False
Let h(s) = -s**3 - 8*s**2 - s - 4. Let j be h(-8). Is ((-136)/(-6))/j*6 prime?
False
Let j(w) be the first derivative of w**3/3 - w**2 + 2*w - 2. Let s be j(2). Suppose 5*p + 4*o - 333 = 0, s*p - o + 135 = 4*p. Is p a prime number?
False
Suppose 2*t + 2*d = -t + 563, -3*t + 548 = 5*d. Is t prime?
True
Suppose -4*h + h + 21 = 0. Let j = -5 + h. Is 0 + j + -2 + 7 composite?
False
Let t(y) = -4*y**3 + 15*y**2 + 8*y + 13. Let f(h) = -h**3 + 5*h**2 + 3*h + 4. Let r(d) = -7*f(d) + 2*t(d). Is r(-7) composite?
False
Suppose -3*y + 1889 = -3*w - 829, -5*y + 4532 = -3*w. Is y composite?
False
Let n(s) = -19*s - 17*s - 2*s + 3*s + 6. Is n(-3) a prime number?
False
Suppose 11 - 6 = 5*a. Is a/2 - 1365/(-26) composite?
False
Suppose 4*z - 16305 = -11*z. Is z a prime number?
True
Suppose 5*w - 67 = 2*x, x = 4*w - 66 + 10. Let o = w + -12. Is o a composite number?
False
Let g(v) = -v**2. Let a(l) = -4*l**2 + 1. Let m(k) = 2*a(k) - 9*g(k). Let h be m(2). Suppose -8 = -4*j, h*z - 221 = 3*z + 5*j. Is z a composite number?
True
Let c(h) = 7*h**2 + h - 3. Let n be c(5). Suppose 2*j - 88 = j + d, -2*j + 3*d + n = 0. Is j a prime number?
False
Let o = 17 - 14. Is o/(-9) - 356/(-6) a prime number?
True
Let v(l) = 2*l**2 - 6*l - 10. Is v(-4) prime?
False
Let b(g) = g**3 + g**2 - 2. Let d be b(0). Let l = d + 0. Is (-492)/(-10) + l/10 composite?
True
Suppose -6*n + n = -500. Suppose -n = -3*v + 131. Is v composite?
True
Let y = 1320 - -563. Is y a composite number?
True
Is 116/5 + 5/(-25) a prime number?
True
Suppose 3*j - 27 = 51. Suppose -9 = -5*t + 5*s + j, -3*t + 4*s = -22. Is t a composite number?
True
Is 901/3 - 2/(-3) composite?
True
Let n(p) = p + 10. Let s be n(4). Let h be (1/(-1))/((-1)/61). Let c = h - s. Is c a prime number?
True
Let g = 2 - -2. Suppose -5*k + 3*k + 2*o = -92, -2*o - 190 = -g*k. Is k a composite number?
True
Let w = -159 + 347. Let x = w + -101. Is x a composite number?
True
Let j = -11 - -18. Let v(q) be the third derivative of q**6/120 - q**5/10 - q**4/3 + 3*q**3/2 - 4*q**2. Is v(j) composite?
False
Let q(w) = w**3 - 11*w**2 - w - 5. Is q(12) composite?
False
Let l(b) be the second derivative of -7*b**5/5 + b**4/6 - b**3/3 - b**2/2 + b. Is l(-2) a prime number?
False
Let q(f) = f**3 - 5*f**2 - 4*f - 2. Suppose -4*r + 22 = -2. Is q(r) a prime number?
False
Suppose 20 = 4*h + h. Suppose s + 1 = 0, -m = m + h*s + 84. Let d = 79 + m. Is d a prime number?
False
Let s = -184 - -675. Is s prime?
True
Let z = -18 + 20. Suppose -396 = -3*x + 3*y, y = 3*x + z*y - 376. Is x a composite number?
False
Let m(a) = -a**3 - 3*a**2 - 4*a - 2. Let h be m(-2). Suppose -2*y = -3*y + h*s + 185, -3*y = -s - 555. Is y a prime number?
False
Suppose 0 = -o + 5*o - 48. Let l = o - 8. Suppose 27 = s + l*v, -4*s + 87 - 31 = 3*v. Is s a prime number?
True
Suppose 0*a = -5*a - 70. Let m be ((-10)/(-4))/((-1)/a). Let s = 50 - m. Is s prime?
False
Let b(w) = -w**2 + 9*w - 5. Let p be b(8). Suppose 77 = p*u - 13. Suppose k - 19 = u. Is k composite?
True
Suppose 0*g + 35 = 5*g + 3*b, -5*g + 5*b = 5. Let j(m) = -m**3 + 7*m**2 + 2*m - 1. Is j(g) a composite number?
True
Suppose -7*w - b = -3*w - 9, b = 5*w - 9. Suppose -w*v - 50 = -k, -3*k + 4*v + 140 = 3